Let f = s + -30. What are the prime factors of f?
3
Suppose 0*r + r - 31 = -5*x, x + 73 = 2*r. Let k be (r/(-27))/((-4)/6). Let u(i) = 6*i**2 - 4*i + 3. What are the prime factors of u(k)?
19
Let w = 30 - 30. Suppose 4*p + 42 - 218 = w. List the prime factors of p.
2, 11
Suppose 4*y - 4*m = 3608, -y + 3*m + 20 = -876. Suppose 5*v = 3*j + 873, y = 14*v - 9*v + 5*j. What are the prime factors of v?
3, 59
Let w(f) = 24*f + 67. What are the prime factors of w(18)?
499
List the prime factors of 0 + 2865/10 - (-1)/(-2).
2, 11, 13
Let z = 12918 - 7657. List the prime factors of z.
5261
Suppose -2*r - 2*l + 6328 = 0, 0*r - 5*r = -2*l - 15792. List the prime factors of r.
2, 5, 79
Let z = 156 - 79. Suppose 0 = 2*b - 113 - z. List the prime factors of b.
5, 19
Let g = -4105 + 6220. List the prime factors of g.
3, 5, 47
Let k = 1004 - 281. What are the prime factors of k?
3, 241
Suppose -a - x = -3*x - 600, -4*a = -4*x - 2384. List the prime factors of a.
2, 37
Suppose 4*s - 7255 = 5*p, -5*s + 3*p + 5048 = -4024. List the prime factors of s.
3, 5, 11
Let i(q) = -12*q + 9. Suppose 20 = -5*l + d, 3*l + 2*d + 10 = -2. Let k be i(l). Let c = -33 + k. What are the prime factors of c?
2, 3
Suppose 0 = -2*y + 3*y - 14. Let v = y + -2. List the prime factors of v.
2, 3
Suppose 2*k + k - 3*n - 1362 = 0, -4*k - n + 1826 = 0. What are the prime factors of k?
2, 3, 19
Let n = -7 + 21. Suppose -r + 10 = -2*r. Let o = r + n. What are the prime factors of o?
2
Let t = 5659 + -2033. List the prime factors of t.
2, 7, 37
Suppose 0 = 3*k - 8*k + 90. Suppose -150 = 12*n - k*n. What are the prime factors of n?
5
Suppose 5*c = 130 + 100. Suppose 2*s - 2*i - 52 = 0, -2*s = 2*s + 2*i - 104. Let u = c - s. List the prime factors of u.
2, 5
Let o(x) = x**2 - 16*x - 17. Let h be o(17). Suppose -3*w + 43 + 23 = h. List the prime factors of w.
2, 11
Suppose 14*t - 16*t + 6 = 0. Suppose 2*a - 98 = 3*v, t*a = 4*a + 3*v - 40. Suppose l - 11 = a. What are the prime factors of l?
3, 19
Let v = -746 + 1767. List the prime factors of v.
1021
Let y be (-2)/(-8) + -641*(-21)/28. Suppose 11*c + 129 - y = 0. What are the prime factors of c?
2
Suppose -123*n + 130*n - 4956 = 0. List the prime factors of n.
2, 3, 59
Let w be (-3)/(-12) - 659/(-4). Suppose 5*r - w = 5*n, 5*n + 0*n - 159 = -4*r. Suppose -r*u = -32*u - 292. List the prime factors of u.
73
Let k = 47 + -45. Suppose 292 = 3*t + 2*t + c, -114 = -k*t + c. What are the prime factors of t?
2, 29
Let k(l) = 27*l**2 + 27*l - 88. What are the prime factors of k(9)?
2, 1171
Let y be -3*((-7)/(-3) - (0 - -3)). What are the prime factors of y/(-6) + (-7208)/(-51)?
3, 47
Let o(a) = -a**3 - 17*a**2 + 62*a + 8. List the prime factors of o(-22).
2, 7, 19
Let n be -19 + -1 + (-2 - -1). Let g be 5 + (-23)/((-46)/60). Let y = n + g. List the prime factors of y.
2, 7
Suppose 0 = 4*f - 3*x + 252, -6*f = -f + 4*x + 315. List the prime factors of 2/6 - 3066/f.
7
Let c(x) = x**3 + 11*x**2 + 9*x - 7. Suppose 0 = -4*d + h - 24, 0 = d - 2*d - 5*h - 27. What are the prime factors of c(d)?
2, 3, 7
Suppose 4*t - 3*z + 112 = -5*z, 4*z = -8. Let f = t + 66. List the prime factors of f.
3, 13
Let g(o) = 2*o**3 - 25*o**2 + 43. List the prime factors of g(15).
2, 73
Let o = -2 + 3. Let x be ((-198)/(-54))/((-1)/3). Let d = o - x. List the prime factors of d.
2, 3
Let k(i) = -i. Let p(j) = 29*j - 35. Let s(b) = -3*k(b) - p(b). List the prime factors of s(-4).
139
List the prime factors of 68/238 - 6380/(-14).
2, 3, 19
Let p be 10/(4*(-1)/(-2)). Let a = p + 0. Suppose -a*l = x - 130, -x + 52 = 4*l - 2*l. List the prime factors of l.
2, 13
Let j(m) = 699*m - 100. What are the prime factors of j(3)?
1997
Let p(v) = -v**3 - 2*v**2 + 10*v - 7. Let g be p(-5). List the prime factors of (g - 1)*(1 - -7).
2, 17
Let r = -68 + 673. What are the prime factors of r?
5, 11
Let d be ((-1230)/40)/(6/(-8)). Suppose d*p - 36*p - 365 = 0. What are the prime factors of p?
73
Let v = 191 - 124. Let f = v - 19. Suppose 5*d = -q + f, d = 5*d + 2*q - 42. List the prime factors of d.
3
Let l = -33 + 28. Let w be -23 - (-1 - l - 5). Let v = w - -66. What are the prime factors of v?
2, 11
List the prime factors of (-1)/11 + 8251/11.
2, 3, 5
Let z(t) be the second derivative of -t**4/12 - t**3/3 + 3*t**2/2 + 2*t. Let h be z(-3). List the prime factors of h + 3 - (-22 + 1).
2, 3
Suppose -d = 5*r - 3*d - 143, 5 = 5*d. Let k(f) = -3*f - 2. Let s be k(-2). Suppose y = 3*n + 23, r = s*y + 2*n - 7. What are the prime factors of y?
11
List the prime factors of (-6)/8*-2*95364/81.
2, 883
Let w = 22 + -9. Let k = -9 + 11. Suppose k*p - w = 15. What are the prime factors of p?
2, 7
Let g(d) = -11 + 46*d**3 + 0*d**2 - d**2 - d + 12. List the prime factors of g(1).
3, 5
Let b(d) = 3*d + 20. Let w be b(-5). Suppose 0 = -5*g + w*l + 300, g + 2*l + 28 = 103. What are the prime factors of g?
5, 13
What are the prime factors of ((-2792)/32)/((-3)/36)?
3, 349
Suppose 25 = -3*x - 2*u, -3*x - 4*u - 24 = -1. Let y(q) = -q**2 - 13*q - 16. List the prime factors of y(x).
2, 5
Let f(o) = -2*o - 7. Suppose 5*p - 20 = p. Let h(k) = -k**3 + 4*k**2 + 4*k - 6. Let j be h(p). List the prime factors of f(j).
3, 5
Let x be ((-25144)/20)/(-7) + 3/(-5). Let s = x - 90. List the prime factors of s.
89
Suppose -2*g + 10 = -2*t, 6*g + 2 = 4*g - 2*t. What are the prime factors of g - (-58 - (7 - 3))?
2
Let v(i) = i**3 - 20*i**2 - 21*i + 7. Let k be v(21). Let r = 35 + k. What are the prime factors of r?
2, 3, 7
Suppose 0 = 40*n - 21610 + 4250. List the prime factors of n.
2, 7, 31
Suppose 2*y - 3740 = -8*y. What are the prime factors of y?
2, 11, 17
Suppose 2*s - 3*s + 4*h = -6, 0 = -3*h + 12. What are the prime factors of 2/(-4) + 1551/s?
2, 5, 7
Let o = 1740 - 969. Suppose -2*y - 7*s = -2*s - 297, -3*s + o = 5*y. List the prime factors of y.
2, 3, 13
Suppose -s + 4*o + 20 = 0, -4*s + 2*o - 3*o + 12 = 0. List the prime factors of 35/s*-2*6/(-5).
3, 7
Let d(f) = f**3 + 10*f**2 + 4*f - 4. Let j(t) = -3*t**3 - 19*t**2 - 9*t + 7. Let z(x) = 5*d(x) + 2*j(x). Let p = 4 + 8. List the prime factors of z(p).
2, 3
What are the prime factors of 4716/3 + (4 - -4)?
2, 5, 79
Let z = 49 - 74. Let p = 27 + z. List the prime factors of p.
2
Let k(n) = 88*n**3 - 8*n**2 + 4*n + 4. List the prime factors of k(2).
2, 3, 19
Let c be 9372/77 + 4/14. Suppose 658 = 3*l - c. What are the prime factors of l?
2, 5, 13
Suppose 4*c + 2*u + 3*u = 2657, -5*u = -25. What are the prime factors of c?
2, 7, 47
Suppose 0 = k + 6*u - 5*u - 4688, 4700 = k - 2*u. List the prime factors of k.
2, 3, 17, 23
Suppose -48*u = -18090 - 12438. What are the prime factors of u?
2, 3, 53
Let w be ((-2)/3)/((-5)/(-240)). Let h = w - -91. List the prime factors of h.
59
Let t(o) = 2*o - 20. Let r be t(12). Let c(p) = 1 - 8 + 0*p + 5*p. List the prime factors of c(r).
13
Let g(a) be the first derivative of -17*a**2 + 16*a - 23. List the prime factors of g(-3).
2, 59
Let s = -39 + 57. Let q(u) = -u**3 + 18*u**2 + 11*u - 21. List the prime factors of q(s).
3, 59
Suppose -39*j = -44*j + 50. Suppose o - l - 3 = l, 5*l = -o + j. What are the prime factors of o?
5
Let f be (-6)/21 - 515/35. Let m = 101 - f. Suppose -4*h - 2*t + m + 158 = 0, -2*t - 188 = -3*h. List the prime factors of h.
2, 3, 11
Suppose -3 - 9 = -3*f. List the prime factors of 110/3 + f/12.
37
Let m(k) = -134*k + 16. Let t be m(6). Let c = 1125 + t. What are the prime factors of c?
337
Suppose -t = -3*t. Suppose t = 2*p - 0*p - 12. List the prime factors of (4 - 9/p)*2.
5
Let o = 36 + -30. Let b be o/(-12)*12/2. List the prime factors of (b - -2)*(-53 - 6).
59
Let i(o) be the third derivative of 59*o**5/20 - 5*o**4/24 - o**3/6 - 14*o**2. What are the prime factors of i(-1)?
181
Suppose 12*v = 19*v - 2681. List the prime factors of (-1 + v)*10/20.
191
Let p(s) = -s**3 + 16*s**2 - 20*s - 1. Suppose -5*b - 41 = -g - 3*g, -2*g = -3*b - 19. What are the prime factors of p(g)?
3, 37
Suppose -32150 = -9*z - 8966. List the prime factors of z.
2, 7, 23
Suppose -3*q + 489 = 4*s, 0 = -2*s + 2*q - 0*q + 262. Suppose -4*k + s = -k. Suppose -4*g + k = 3*c - 17, -70 = -4*c - g. What are the prime factors of c?
17
Suppose 5*a + 0*d - 3317 = -3*d, -a = -3*d - 649. What are the prime factors of a?
661
Let o = 71 + -35. Let d = 1 + o